e factors of k?
5, 17
Let c be 654/4*56/12. Let s = -453 + c. Suppose -13*u + s = -3*u. What are the prime factors of u?
31
Let j = 67 + -82. Let y(p) = -p**2 - 19*p + 11. Let h be y(j). Let i = h - 21. What are the prime factors of i?
2, 5
Suppose 0 = -143*q + 189*q - 271676. What are the prime factors of q?
2, 2953
Suppose 1438 = 5*n - 7497. Suppose 12*w - n = -527. List the prime factors of w.
3, 5, 7
Suppose 0 = -4*s + 33*s - 116. Suppose 0 = s*i - 13*i + 9405. What are the prime factors of i?
5, 11, 19
Let a = 28 - 82. Let m = a - -26. Let c = -20 - m. What are the prime factors of c?
2
Let r = -13987 - -28398. List the prime factors of r.
14411
Suppose -5*r = t - 16446, -t + 24241 = -3*r + 7811. What are the prime factors of t?
2, 7, 587
Let c(y) = -5*y - 8. Let d be c(-4). Suppose 7*f - 32 = -11. Suppose -3*s + o = -4*o - 580, -d = -f*o. What are the prime factors of s?
2, 5
Suppose 2*d + 3*d = 895. Let k(q) = -37*q + 17. Let o be k(-3). Let f = d - o. What are the prime factors of f?
3, 17
Suppose 15*q + 3*x = 17*q - 42006, q = 4*x + 20993. What are the prime factors of q?
3, 47, 149
Suppose 8*k - 2*k - 396 = 0. Let s = -57 + k. Suppose -1309 + 148 = -s*z. What are the prime factors of z?
3, 43
What are the prime factors of 0 + 3037 + (27 - 19)?
3, 5, 7, 29
Let z be ((6 - 12) + 9)*134. Suppose 0 = 4*c - 2*q - z, c + 0*c - 2*q - 102 = 0. List the prime factors of c.
2, 5
Suppose -4*b - 42*q = -41*q - 32402, 2*q = -b + 8104. What are the prime factors of b?
2, 3, 5
Suppose -3*y + 37503 = 5*j, j - 3*y - 11464 + 3949 = 0. List the prime factors of j.
3, 41, 61
Let u be (0 + 1)*(5 - 2). Suppose 0 = -6*y + y - u*p + 7685, -5*p - 25 = 0. What are the prime factors of (3/(-2))/((-33)/y)?
2, 5, 7
Suppose -22*z = 5*z - 54. Suppose -z*i = -387 - 963. What are the prime factors of i?
3, 5
What are the prime factors of (-12)/(-156) + (-1280756)/(-52)?
2, 3, 5, 821
Suppose -5 = -4*k + 4*s + 27, -4*k - 5*s - 13 = 0. Suppose 0 = k*n - 51 - 66. Suppose x + 2*a = n, 5*x + 2*a - 209 = -a. List the prime factors of x.
43
Suppose o + h - 88 = -404, -623 = 2*o + 5*h. Let j = 67 - o. List the prime factors of j.
2, 193
Suppose 7*h - 18673 + 5429 = -3*c, 0 = c - h - 4408. List the prime factors of c.
2, 3, 5, 7
Let f(u) be the first derivative of -u**3/3 + 81*u**2/2 + 90*u - 271. List the prime factors of f(53).
2, 787
Let i(d) be the first derivative of d**6/30 - d**5/40 - 5*d**4/24 - 4*d**3 + 22. Let u(v) be the third derivative of i(v). List the prime factors of u(-2).
7
Let o be 1 + 1 + 3/6*6. Suppose 2*h - 701 = -3*u, o*u - u - 928 = -h. What are the prime factors of u?
3, 7, 11
Let n(c) = 857*c**3 + 5*c**2 - 5*c + 1. Let a be n(1). What are the prime factors of (a/(-99))/(2/(-30))?
2, 5, 13
Suppose -10*n - 4*n - 1053162 = -95*n. List the prime factors of n.
2, 3, 11, 197
Suppose -18 - 18 = 6*b. Let s be b/21 + 11946/14. Suppose 5*a - 2*o - s = 0, 106 + 582 = 4*a + 4*o. List the prime factors of a.
3, 19
Suppose 19 = 3*a + 4. Suppose 9*u - a*u = 1024. What are the prime factors of u?
2
Let g(b) = -b - 4. Suppose 13*o = 6*o - 56. Let l be g(o). Suppose 0*c + 383 = 5*d + 3*c, l*c = 4. List the prime factors of d.
2, 19
Let y(c) = -20 + 3*c + 3*c + 32 - 21*c**2 + 202 + 19*c**2. List the prime factors of y(0).
2, 107
Let z(l) = 57*l + 1 + 6*l**2 - 59*l + 0. Let k be z(1). Suppose -306 = -k*a - 6. List the prime factors of a.
2, 3, 5
Let p(i) = 3*i**2 - 5*i - 4. Let o be p(6). Suppose -3*z - t + 5*t = 58, -4*z - o = -2*t. List the prime factors of (-990)/(-14) + z/(-63).
71
Suppose 2*l - 2 = -o + 4, 5*o - 18 = -4*l. Suppose -3*w = o*n - 45 + 184, 4*w = -4*n - 276. Let c = -41 - n. What are the prime factors of c?
3
Suppose 4*r - 945 = 527. Suppose 4*i = 1984 + r. Suppose 0 = 5*f - 5*u + 6*u - 715, 0 = -4*f - 4*u + i. List the prime factors of f.
2, 71
Let g(r) = -2*r - 18. Let u be g(-9). Suppose 2*p + 0 = 8, u = 2*l - 4*p - 352. List the prime factors of l.
2, 23
Suppose 2 = 8*z - 30. Suppose -4*h + 4*l = 6*l - 190, -2*l - 178 = -z*h. What are the prime factors of h?
2, 23
Let c = 9 - 6. Suppose -2*f = -3*x + 6, -c*x + 7*f - 2*f = 3. Let u(t) = 11*t - 2. List the prime factors of u(x).
2, 3, 7
Suppose 0 = 19*b - 149340 - 89965. What are the prime factors of b?
5, 11, 229
Let d(t) = 9*t**2 - 4*t - 23. Let o be d(-3). Let k = o - -65. What are the prime factors of k?
3, 5
Suppose -17*u + 6*u - 88 = 0. Let x be (-3 + 1)/(u + 10). Let s(j) = -265*j - 1. What are the prime factors of s(x)?
2, 3, 11
Let j(s) = -s**3 + 12*s**2 - 3*s + 21. Suppose 6*o + 103 = -509. Let v = -91 - o. What are the prime factors of j(v)?
109
Suppose 4*a + 35 - 15 = 0. What are the prime factors of 168/(-100)*a*20?
2, 3, 7
Let g(l) = -253*l**3 - 51*l**2 - 149*l - 2. What are the prime factors of g(-3)?
17, 401
Let b(p) = 3*p - 12. Let t be b(5). Suppose r + t*r = -r. Suppose -2*y + 96 = 4*f, 4*y - 3*f + 7*f - 204 = r. What are the prime factors of y?
2, 3
What are the prime factors of ((-434)/(-28) - 15)/(1/5842)?
23, 127
Let w(a) = 2*a + 19. Let c be w(-8). Let y(k) = 4 + 14*k**c - 2*k**2 - 8 + 0 + 5. List the prime factors of y(1).
13
Let h = -1310 - -3235. Suppose 11*k - h = -24*k. What are the prime factors of k?
5, 11
Suppose 41 = -2*n + 155. Suppose -72 + n = -5*q. Suppose 0 = q*l - l - 480. What are the prime factors of l?
2, 3, 5
Let p = 106 - 99. List the prime factors of (p/((-98)/(-21)))/((-1)/(-4)).
2, 3
Let a be (-28)/6 + 4 - (-228)/(-9). Let s = 875 + a. What are the prime factors of s?
3, 283
Let z(g) be the first derivative of 3*g**3 - 6*g**2 - 8*g + 16. Let m(d) be the first derivative of z(d). What are the prime factors of m(7)?
2, 3, 19
Let x(h) = 21*h + 166. Let j be x(-8). What are the prime factors of j/(-6)*-4 + 7033/39?
179
Suppose -98*t + 2329032 - 715936 = 38*t. List the prime factors of t.
29, 409
Let c = 191 - 915. Let d = c - -1594. List the prime factors of d.
2, 3, 5, 29
Let d be (-2)/3*1749/(-2). Let q = d - 414. List the prime factors of q.
13
What are the prime factors of (-20)/190 - (-126270)/75*(-400)/(-38)?
2, 8861
Let o = 6238 + -3445. List the prime factors of o.
3, 7, 19
Let x be 210/(-12)*(-1 + 3). Let o = 40 + x. What are the prime factors of (948/30)/(2/o)?
79
Suppose -416213 = -41*a + 390626. List the prime factors of a.
11, 1789
Let r = -141 - -141. Let s(o) = -o + 18 + 10 - 4 + 2. List the prime factors of s(r).
2, 13
Suppose 0 = 3*v - 2*f - 24, 4*v + 5*f = 6 + 3. What are the prime factors of -5 + 930 + (v - 1)?
2, 3, 5, 31
Let m be 2/16*28*46. List the prime factors of (-3)/(42/(-4280)) + 46/m.
2, 3, 17
Suppose -18*p + 52847 - 15677 = 0. What are the prime factors of p?
5, 7, 59
Let y be 10*6/15*1. Suppose 5*c = -4*h + 1563 + 1029, y*c - 2072 = -4*h. Suppose 90 = 5*s - c. What are the prime factors of s?
2, 61
Let y(s) = 22*s**2 + 44*s - 399. What are the prime factors of y(15)?
3, 193
What are the prime factors of 1/(2*8/125584)?
47, 167
Suppose 94 - 220 = -7*l. Suppose -15*a + y = -l*a + 1694, 1122 = 2*a - 3*y. What are the prime factors of a?
2, 3, 47
Let z = 25948 + -7159. List the prime factors of z.
3, 6263
Let y = -58 - -96. Let p(l) = 9 - l**3 - 6*l + 52*l**2 + 1 - y*l**2. What are the prime factors of p(13)?
101
Suppose -787353 = -150*x + 193647. List the prime factors of x.
2, 3, 5, 109
Suppose -5*a + 3*n + 48 = 0, 0*a = 2*a + 3*n - 15. Suppose -13*q + a*q - 668 = 0. Let x = 278 + q. What are the prime factors of x?
3, 37
Let m be 6/15*-3*-10. What are the prime factors of (0 - (-2 - m))*(-399)/(-14)?
3, 7, 19
Let v(n) = -2*n + 32. Let z be v(12). Let j(t) be the second derivative of t**4/12 + 2*t**2 - 10*t. What are the prime factors of j(z)?
2, 17
Suppose 2*w - 8 = -v, 4*w + 4 = 16. Suppose v*l - 3069 = -l. List the prime factors of l.
3, 11, 31
Let a(c) be the second derivative of -5/4*c**4 - 19/6*c**3 + 10*c**2 - 14*c - 1/20*c**5 + 0. What are the prime factors of a(-14)?
2, 3, 5
Let q = 106832 - 22416. What are the prime factors of q?
2, 1319
Let i(d) be the third derivative of d**6/120 - d**5/60 - d**4/24 - 172*d**3/3 + 9*d**2. Let l be i(0). List the prime factors of ((-2)/(-4))/((-2)/l).
2, 43
Suppose -27*k + 115248 = -199059. List the prime factors of k.
7, 1663
Suppose 2*b - h - 163 = 0, 0 = -h + 4 - 7. List the pri